he remainder when 10504 is divided by 17?
15
What is the remainder when 1285309 is divided by 112?
109
Calculate the remainder when 1057549 is divided by 842.
839
What is the remainder when 29980 is divided by 7?
6
Calculate the remainder when 129 is divided by 21.
3
Calculate the remainder when 3714 is divided by 162.
150
Calculate the remainder when 21571873 is divided by 25.
23
What is the remainder when 72983 is divided by 258?
227
What is the remainder when 48777 is divided by 12050?
577
What is the remainder when 32957 is divided by 103?
100
What is the remainder when 2494 is divided by 803?
85
What is the remainder when 23248 is divided by 102?
94
Calculate the remainder when 27998 is divided by 27802.
196
What is the remainder when 85354 is divided by 215?
214
Calculate the remainder when 42787 is divided by 713.
7
What is the remainder when 2054 is divided by 604?
242
What is the remainder when 95587 is divided by 117?
115
Calculate the remainder when 10649 is divided by 965.
34
Calculate the remainder when 489 is divided by 85.
64
What is the remainder when 1674 is divided by 62?
0
Calculate the remainder when 39794 is divided by 379.
378
What is the remainder when 15041 is divided by 327?
326
Calculate the remainder when 4250 is divided by 3935.
315
Calculate the remainder when 43740 is divided by 1505.
95
Calculate the remainder when 431118 is divided by 13.
12
Calculate the remainder when 14038 is divided by 2005.
3
Calculate the remainder when 1487 is divided by 2.
1
Calculate the remainder when 58819 is divided by 1262.
767
Calculate the remainder when 247876 is divided by 79.
53
Calculate the remainder when 909602 is divided by 109.
106
Calculate the remainder when 7985 is divided by 246.
113
What is the remainder when 45644 is divided by 179?
178
Calculate the remainder when 4071 is divided by 1296.
183
Calculate the remainder when 35984 is divided by 27.
20
What is the remainder when 6700 is divided by 6270?
430
Calculate the remainder when 7487 is divided by 2443.
158
What is the remainder when 12747 is divided by 150?
147
What is the remainder when 2686 is divided by 170?
136
What is the remainder when 21214 is divided by 21214?
0
What is the remainder when 172269 is divided by 70?
69
Calculate the remainder when 25762 is divided by 261.
184
What is the remainder when 6239 is divided by 889?
16
Calculate the remainder when 117838 is divided by 48.
46
What is the remainder when 54059 is divided by 51?
50
Calculate the remainder when 69082 is divided by 712.
18
What is the remainder when 1468 is divided by 133?
5
What is the remainder when 241767 is divided by 94?
93
Calculate the remainder when 1180 is divided by 14.
4
What is the remainder when 37631 is divided by 180?
11
What is the remainder when 7324 is divided by 994?
366
What is the remainder when 73598 is divided by 94?
90
Calculate the remainder when 482 is divided by 112.
34
What is the remainder when 25214 is divided by 679?
91
Calculate the remainder when 2261 is divided by 374.
17
Calculate the remainder when 3804 is divided by 430.
364
What is the remainder when 471 is divided by 449?
22
What is the remainder when 11603 is divided by 11597?
6
Calculate the remainder when 352 is divided by 185.
167
Calculate the remainder when 68814 is divided by 34362.
90
What is the remainder when 156135 is divided by 40?
15
Calculate the remainder when 2038989 is divided by 642.
639
Calculate the remainder when 1233 is divided by 485.
263
Calculate the remainder when 105226 is divided by 74.
72
What is the remainder when 133531 is divided by 312?
307
Calculate the remainder when 773 is divided by 7.
3
Calculate the remainder when 906264 is divided by 30.
24
Calculate the remainder when 419 is divided by 235.
184
What is the remainder when 408392 is divided by 305?
302
What is the remainder when 2356 is divided by 68?
44
Calculate the remainder when 263176 is divided by 18.
16
What is the remainder when 122197 is divided by 446?
439
What is the remainder when 96790 is divided by 217?
8
Calculate the remainder when 920 is divided by 56.
24
What is the remainder when 21808 is divided by 7261?
25
What is the remainder when 7900 is divided by 27?
16
What is the remainder when 43022 is divided by 14337?
11
Calculate the remainder when 650626 is divided by 532.
522
Calculate the remainder when 3916 is divided by 1180.
376
Calculate the remainder when 6698 is divided by 2229.
11
Calculate the remainder when 17017 is divided by 5616.
169
Calculate the remainder when 25069 is divided by 152.
141
Calculate the remainder when 113806 is divided by 39.
4
Calculate the remainder when 2021 is divided by 897.
227
Calculate the remainder when 530 is divided by 264.
2
Calculate the remainder when 259094 is divided by 19928.
30
Calculate the remainder when 19328 is divided by 63.
50
Calculate the remainder when 13136 is divided by 4350.
86
Calculate the remainder when 236254 is divided by 736.
734
What is the remainder when 1015197 is divided by 160?
157
Calculate the remainder when 1365 is divided by 205.
135
What is the remainder when 9708 is divided by 4808?
92
What is the remainder when 6000 is divided by 1200?
0
Calculate the remainder when 13267 is divided by 214.
213
Calculate the remainder when 13140 is divided by 359.
216
What is the remainder when 2861 is divided by 775?
536
Calculate the remainder when 10469 is divided by 1732.
77
What is the remainder when 66824 is divided by 297?
296
What is the remainder when 85819 is divided by 185?
164
Calculate the remainder when 1121051 is divided by 8.
3
What is the remainder when 35269 is divided by 31?
22
What is the remainder when 22147 is divided by 226?
225
Calculate the remainder when 797907 is divided by 1932.
1923
Calculate the remainder when 1920 is divided by 628.
36
Calculate the remainder when 3080 is divided by 2507.
573
Calculate the remainder when 3176 is divided by 25.
1
What is the remainder when 1517 is divided by 95?
92
What is the remainder when 15300 is divided by 7645?
10
Calculate the remainder when 69599 is divided by 5.
4
Calculate the remainder when 55457 is divided by 237.
236
What is the remainder when 10464 is divided by 362?
328
Calculate the remainder when 9139 is divided by 155.
149
Calculate the remainder when 420975 is divided by 480.
15
Calculate the remainder when 132488 is divided by 244.
240
Calculate the remainder when 2110 is divided by 347.
28
Calculate the remainder when 961438 is divided by 480.
478
Calculate the remainder when 172947 is divided by 172929.
18
What is the remainder when 32316 is divided by 45?
6
What is the remainder when 48443 is divided by 105?
38
Calculate the remainder when 80020 is divided by 141.
73
What is the remainder when 4022 is divided by 410?
332
What is the remainder when 48612 is divided by 196?
4
Calculate the remainder when 2596 is divided by 20.
16
What is the remainder when 2696 is divided by 2206?
490
Calculate the remainder when 262851 is divided by 11.
6
What is the remainder when 60342 is divided by 347?
311
What is the remainder when 8800 is divided by 2739?
583
Calculate the remainder when 2924 is divided by 662.
276
Calculate the remainder when 115031 is divided by 3195.
11
What is the remainder when 173127 is divided by 43274?
31
Calculate the remainder when 33562 is divided by 5592.
10
Calculate the remainder when 3252 is divided by 469.
438
What is the remainder when 276009 is divided by 15?
9
What is the remainder when 1393068 is divided by 386?
380
What is the remainder when 259749 is divided by 86580?
9
What is the remainder when 26077 is divided by 322?
317
Calculate the remainder when 3710 is divided by 185.
10
What is the remainder when 40516 is divided by 244?
12
What is the remainder when 8007 is divided by 153?
51
Calculate the remainder when 6418 is divided by 60.
58
What is the remainder when 8837 is divided by 8837?
0
Calculate the remainder when 16236 is divided by 3239.
41
Calculate the remainder when 190133 is divided by 1211.
6
What is the remainder when 80231 is divided by 8913?
14
Calculate the remainder when 175227 is divided by 1102.
9
Calculate the remainder when 6127 is divided by 255.
7
What is the remainder when 632006 is divided